

{"id":3565,"date":"2014-07-28T16:02:51","date_gmt":"2014-07-28T14:02:51","guid":{"rendered":"http:\/\/www.clerc-detolle-thiebaut.com\/architectes\/?page_id=3565"},"modified":"2026-03-13T16:51:39","modified_gmt":"2026-03-13T14:51:39","slug":"aout-2014","status":"publish","type":"page","link":"https:\/\/www.clerc-detolle-thiebaut.com\/architectes\/","title":{"rendered":""},"content":{"rendered":"\n<figure class=\"wp-block-image size-large\"><img loading=\"lazy\" width=\"1024\" height=\"552\" src=\"https:\/\/www.clerc-detolle-thiebaut.com\/architectes\/wp-content\/uploads\/2026\/03\/BATELIER_A3-1024x552.jpg\" alt=\"\" class=\"wp-image-6624\" srcset=\"https:\/\/www.clerc-detolle-thiebaut.com\/architectes\/wp-content\/uploads\/2026\/03\/BATELIER_A3-1024x552.jpg 1024w, https:\/\/www.clerc-detolle-thiebaut.com\/architectes\/wp-content\/uploads\/2026\/03\/BATELIER_A3-300x162.jpg 300w, https:\/\/www.clerc-detolle-thiebaut.com\/architectes\/wp-content\/uploads\/2026\/03\/BATELIER_A3-768x414.jpg 768w, https:\/\/www.clerc-detolle-thiebaut.com\/architectes\/wp-content\/uploads\/2026\/03\/BATELIER_A3-1536x828.jpg 1536w, https:\/\/www.clerc-detolle-thiebaut.com\/architectes\/wp-content\/uploads\/2026\/03\/BATELIER_A3-2048x1104.jpg 2048w\" sizes=\"(max-width: 1024px) 100vw, 1024px\" \/><\/figure>\n\n\n\n<p>Embarcad\u00e8res Batorama<\/p>\n\n\n\n<figure class=\"wp-block-image size-large\"><img loading=\"lazy\" width=\"1024\" height=\"577\" src=\"https:\/\/www.clerc-detolle-thiebaut.com\/architectes\/wp-content\/uploads\/2026\/03\/CORBEAU_A3-1024x577.jpg\" alt=\"\" class=\"wp-image-6626\" srcset=\"https:\/\/www.clerc-detolle-thiebaut.com\/architectes\/wp-content\/uploads\/2026\/03\/CORBEAU_A3-1024x577.jpg 1024w, https:\/\/www.clerc-detolle-thiebaut.com\/architectes\/wp-content\/uploads\/2026\/03\/CORBEAU_A3-300x169.jpg 300w, https:\/\/www.clerc-detolle-thiebaut.com\/architectes\/wp-content\/uploads\/2026\/03\/CORBEAU_A3-768x433.jpg 768w, https:\/\/www.clerc-detolle-thiebaut.com\/architectes\/wp-content\/uploads\/2026\/03\/CORBEAU_A3-1536x866.jpg 1536w, https:\/\/www.clerc-detolle-thiebaut.com\/architectes\/wp-content\/uploads\/2026\/03\/CORBEAU_A3-2048x1154.jpg 2048w\" sizes=\"(max-width: 1024px) 100vw, 1024px\" \/><\/figure>\n\n\n\n<figure class=\"wp-block-image size-large\"><img loading=\"lazy\" width=\"1024\" height=\"576\" src=\"https:\/\/www.clerc-detolle-thiebaut.com\/architectes\/wp-content\/uploads\/2026\/03\/PLACETTE_A3-1024x576.jpg\" alt=\"\" class=\"wp-image-6627\" srcset=\"https:\/\/www.clerc-detolle-thiebaut.com\/architectes\/wp-content\/uploads\/2026\/03\/PLACETTE_A3-1024x576.jpg 1024w, https:\/\/www.clerc-detolle-thiebaut.com\/architectes\/wp-content\/uploads\/2026\/03\/PLACETTE_A3-300x169.jpg 300w, https:\/\/www.clerc-detolle-thiebaut.com\/architectes\/wp-content\/uploads\/2026\/03\/PLACETTE_A3-768x432.jpg 768w, https:\/\/www.clerc-detolle-thiebaut.com\/architectes\/wp-content\/uploads\/2026\/03\/PLACETTE_A3-1536x864.jpg 1536w, https:\/\/www.clerc-detolle-thiebaut.com\/architectes\/wp-content\/uploads\/2026\/03\/PLACETTE_A3-2048x1152.jpg 2048w\" sizes=\"(max-width: 1024px) 100vw, 1024px\" \/><\/figure>\n\n\n\n<div class=\"wp-container-2 wp-block-columns\">\n<div class=\"wp-container-1 wp-block-column\" style=\"flex-basis:100%\">\n<figure class=\"wp-block-image size-large\"><img loading=\"lazy\" width=\"1024\" height=\"576\" src=\"https:\/\/www.clerc-detolle-thiebaut.com\/architectes\/wp-content\/uploads\/2026\/03\/ROHAN_A3-1-1024x576.jpg\" alt=\"\" class=\"wp-image-6633\" srcset=\"https:\/\/www.clerc-detolle-thiebaut.com\/architectes\/wp-content\/uploads\/2026\/03\/ROHAN_A3-1-1024x576.jpg 1024w, https:\/\/www.clerc-detolle-thiebaut.com\/architectes\/wp-content\/uploads\/2026\/03\/ROHAN_A3-1-300x169.jpg 300w, https:\/\/www.clerc-detolle-thiebaut.com\/architectes\/wp-content\/uploads\/2026\/03\/ROHAN_A3-1-768x432.jpg 768w, https:\/\/www.clerc-detolle-thiebaut.com\/architectes\/wp-content\/uploads\/2026\/03\/ROHAN_A3-1-1536x864.jpg 1536w, https:\/\/www.clerc-detolle-thiebaut.com\/architectes\/wp-content\/uploads\/2026\/03\/ROHAN_A3-1-2048x1152.jpg 2048w\" sizes=\"(max-width: 1024px) 100vw, 1024px\" \/><\/figure>\n<\/div>\n<\/div>\n","protected":false},"excerpt":{"rendered":"<p>Embarcad\u00e8res Batorama<\/p>\n","protected":false},"author":2,"featured_media":0,"parent":4645,"menu_order":0,"comment_status":"closed","ping_status":"open","template":"","meta":[],"yoast_head":"<!-- This site is optimized with the Yoast SEO plugin v19.8 - https:\/\/yoast.com\/wordpress\/plugins\/seo\/ -->\n<title>- Clerc_D\u00e9tolle_Thi\u00e9baut sarl d&#039;ARCHITECTURE<\/title>\n<meta name=\"robots\" content=\"index, follow, max-snippet:-1, max-image-preview:large, max-video-preview:-1\" \/>\n<link rel=\"canonical\" href=\"https:\/\/www.clerc-detolle-thiebaut.com\/architectes\/\" \/>\n<meta property=\"og:locale\" content=\"fr_FR\" \/>\n<meta property=\"og:type\" content=\"article\" \/>\n<meta property=\"og:title\" content=\"- Clerc_D\u00e9tolle_Thi\u00e9baut sarl d&#039;ARCHITECTURE\" \/>\n<meta property=\"og:description\" content=\"Embarcad\u00e8res Batorama\" \/>\n<meta property=\"og:url\" content=\"https:\/\/www.clerc-detolle-thiebaut.com\/architectes\/\" \/>\n<meta property=\"og:site_name\" content=\"Clerc_D\u00e9tolle_Thi\u00e9baut sarl d&#039;ARCHITECTURE\" \/>\n<meta property=\"article:modified_time\" content=\"2026-03-13T14:51:39+00:00\" \/>\n<meta property=\"og:image\" content=\"https:\/\/www.clerc-detolle-thiebaut.com\/architectes\/wp-content\/uploads\/2026\/03\/BATELIER_A3-1024x552.jpg\" \/>\n<meta name=\"twitter:card\" content=\"summary_large_image\" \/>\n<meta name=\"twitter:label1\" content=\"Dur\u00e9e de lecture estim\u00e9e\" \/>\n\t<meta name=\"twitter:data1\" content=\"1 minute\" \/>\n<script type=\"application\/ld+json\" class=\"yoast-schema-graph\">{\"@context\":\"https:\/\/schema.org\",\"@graph\":[{\"@type\":\"WebPage\",\"@id\":\"https:\/\/www.clerc-detolle-thiebaut.com\/architectes\/\",\"url\":\"https:\/\/www.clerc-detolle-thiebaut.com\/architectes\/\",\"name\":\"- Clerc_D\u00e9tolle_Thi\u00e9baut sarl d&#039;ARCHITECTURE\",\"isPartOf\":{\"@id\":\"https:\/\/www.clerc-detolle-thiebaut.com\/architectes\/#website\"},\"datePublished\":\"2014-07-28T14:02:51+00:00\",\"dateModified\":\"2026-03-13T14:51:39+00:00\",\"breadcrumb\":{\"@id\":\"https:\/\/www.clerc-detolle-thiebaut.com\/architectes\/#breadcrumb\"},\"inLanguage\":\"fr-FR\",\"potentialAction\":[{\"@type\":\"ReadAction\",\"target\":[\"https:\/\/www.clerc-detolle-thiebaut.com\/architectes\/\"]}]},{\"@type\":\"BreadcrumbList\",\"@id\":\"https:\/\/www.clerc-detolle-thiebaut.com\/architectes\/#breadcrumb\",\"itemListElement\":[{\"@type\":\"ListItem\",\"position\":1,\"name\":\"Accueil\",\"item\":\"https:\/\/www.clerc-detolle-thiebaut.com\/architectes\/\"},{\"@type\":\"ListItem\",\"position\":2,\"name\":\".\",\"item\":\"https:\/\/www.clerc-detolle-thiebaut.com\/architectes\/4645-2\"}]},{\"@type\":\"WebSite\",\"@id\":\"https:\/\/www.clerc-detolle-thiebaut.com\/architectes\/#website\",\"url\":\"https:\/\/www.clerc-detolle-thiebaut.com\/architectes\/\",\"name\":\"Clerc_D\u00e9tolle_Thi\u00e9baut sarl d&#039;ARCHITECTURE\",\"description\":\"Architectes Strasbourg\",\"potentialAction\":[{\"@type\":\"SearchAction\",\"target\":{\"@type\":\"EntryPoint\",\"urlTemplate\":\"https:\/\/www.clerc-detolle-thiebaut.com\/architectes\/?s={search_term_string}\"},\"query-input\":\"required name=search_term_string\"}],\"inLanguage\":\"fr-FR\"}]}<\/script>\n<!-- \/ Yoast SEO plugin. -->","yoast_head_json":{"title":"- Clerc_D\u00e9tolle_Thi\u00e9baut sarl d&#039;ARCHITECTURE","robots":{"index":"index","follow":"follow","max-snippet":"max-snippet:-1","max-image-preview":"max-image-preview:large","max-video-preview":"max-video-preview:-1"},"canonical":"https:\/\/www.clerc-detolle-thiebaut.com\/architectes\/","og_locale":"fr_FR","og_type":"article","og_title":"- Clerc_D\u00e9tolle_Thi\u00e9baut sarl d&#039;ARCHITECTURE","og_description":"Embarcad\u00e8res Batorama","og_url":"https:\/\/www.clerc-detolle-thiebaut.com\/architectes\/","og_site_name":"Clerc_D\u00e9tolle_Thi\u00e9baut sarl d&#039;ARCHITECTURE","article_modified_time":"2026-03-13T14:51:39+00:00","og_image":[{"url":"https:\/\/www.clerc-detolle-thiebaut.com\/architectes\/wp-content\/uploads\/2026\/03\/BATELIER_A3-1024x552.jpg"}],"twitter_card":"summary_large_image","twitter_misc":{"Dur\u00e9e de lecture estim\u00e9e":"1 minute"},"schema":{"@context":"https:\/\/schema.org","@graph":[{"@type":"WebPage","@id":"https:\/\/www.clerc-detolle-thiebaut.com\/architectes\/","url":"https:\/\/www.clerc-detolle-thiebaut.com\/architectes\/","name":"- Clerc_D\u00e9tolle_Thi\u00e9baut sarl d&#039;ARCHITECTURE","isPartOf":{"@id":"https:\/\/www.clerc-detolle-thiebaut.com\/architectes\/#website"},"datePublished":"2014-07-28T14:02:51+00:00","dateModified":"2026-03-13T14:51:39+00:00","breadcrumb":{"@id":"https:\/\/www.clerc-detolle-thiebaut.com\/architectes\/#breadcrumb"},"inLanguage":"fr-FR","potentialAction":[{"@type":"ReadAction","target":["https:\/\/www.clerc-detolle-thiebaut.com\/architectes\/"]}]},{"@type":"BreadcrumbList","@id":"https:\/\/www.clerc-detolle-thiebaut.com\/architectes\/#breadcrumb","itemListElement":[{"@type":"ListItem","position":1,"name":"Accueil","item":"https:\/\/www.clerc-detolle-thiebaut.com\/architectes\/"},{"@type":"ListItem","position":2,"name":".","item":"https:\/\/www.clerc-detolle-thiebaut.com\/architectes\/4645-2"}]},{"@type":"WebSite","@id":"https:\/\/www.clerc-detolle-thiebaut.com\/architectes\/#website","url":"https:\/\/www.clerc-detolle-thiebaut.com\/architectes\/","name":"Clerc_D\u00e9tolle_Thi\u00e9baut sarl d&#039;ARCHITECTURE","description":"Architectes Strasbourg","potentialAction":[{"@type":"SearchAction","target":{"@type":"EntryPoint","urlTemplate":"https:\/\/www.clerc-detolle-thiebaut.com\/architectes\/?s={search_term_string}"},"query-input":"required name=search_term_string"}],"inLanguage":"fr-FR"}]}},"_links":{"self":[{"href":"https:\/\/www.clerc-detolle-thiebaut.com\/architectes\/wp-json\/wp\/v2\/pages\/3565"}],"collection":[{"href":"https:\/\/www.clerc-detolle-thiebaut.com\/architectes\/wp-json\/wp\/v2\/pages"}],"about":[{"href":"https:\/\/www.clerc-detolle-thiebaut.com\/architectes\/wp-json\/wp\/v2\/types\/page"}],"author":[{"embeddable":true,"href":"https:\/\/www.clerc-detolle-thiebaut.com\/architectes\/wp-json\/wp\/v2\/users\/2"}],"replies":[{"embeddable":true,"href":"https:\/\/www.clerc-detolle-thiebaut.com\/architectes\/wp-json\/wp\/v2\/comments?post=3565"}],"version-history":[{"count":55,"href":"https:\/\/www.clerc-detolle-thiebaut.com\/architectes\/wp-json\/wp\/v2\/pages\/3565\/revisions"}],"predecessor-version":[{"id":6634,"href":"https:\/\/www.clerc-detolle-thiebaut.com\/architectes\/wp-json\/wp\/v2\/pages\/3565\/revisions\/6634"}],"up":[{"embeddable":true,"href":"https:\/\/www.clerc-detolle-thiebaut.com\/architectes\/wp-json\/wp\/v2\/pages\/4645"}],"wp:attachment":[{"href":"https:\/\/www.clerc-detolle-thiebaut.com\/architectes\/wp-json\/wp\/v2\/media?parent=3565"}],"curies":[{"name":"wp","href":"https:\/\/api.w.org\/{rel}","templated":true}]}}